{"id":651,"date":"2024-02-07T17:35:48","date_gmt":"2024-02-07T17:35:48","guid":{"rendered":"https:\/\/belsootthon.hu\/?page_id=651"},"modified":"2024-03-19T10:04:52","modified_gmt":"2024-03-19T09:04:52","slug":"szarnyalo-ecsetek-alkotokor","status":"publish","type":"page","link":"https:\/\/belsootthon.hu\/index.php\/szarnyalo-ecsetek-alkotokor\/","title":{"rendered":"Sz\u00e1rnyal\u00f3 ecsetek Alkot\u00f3k\u00f6r"},"content":{"rendered":"\t\t<div data-elementor-type=\"wp-page\" data-elementor-id=\"651\" class=\"elementor elementor-651\">\n\t\t\t\t<div class=\"elementor-element elementor-element-642df09f e-flex e-con-boxed e-con e-parent\" data-id=\"642df09f\" data-element_type=\"container\" data-settings=\"{&quot;content_width&quot;:&quot;boxed&quot;}\" data-core-v316-plus=\"true\">\n\t\t\t\t\t<div class=\"e-con-inner\">\n\t\t\t\t<div class=\"elementor-element elementor-element-4aed1835 elementor-widget elementor-widget-text-editor\" data-id=\"4aed1835\" data-element_type=\"widget\" data-widget_type=\"text-editor.default\">\n\t\t\t\t<div class=\"elementor-widget-container\">\n\t\t\t<style>\/*! elementor - v3.19.0 - 07-02-2024 *\/\n.elementor-widget-text-editor.elementor-drop-cap-view-stacked .elementor-drop-cap{background-color:#69727d;color:#fff}.elementor-widget-text-editor.elementor-drop-cap-view-framed .elementor-drop-cap{color:#69727d;border:3px solid;background-color:transparent}.elementor-widget-text-editor:not(.elementor-drop-cap-view-default) .elementor-drop-cap{margin-top:8px}.elementor-widget-text-editor:not(.elementor-drop-cap-view-default) .elementor-drop-cap-letter{width:1em;height:1em}.elementor-widget-text-editor .elementor-drop-cap{float:left;text-align:center;line-height:1;font-size:50px}.elementor-widget-text-editor .elementor-drop-cap-letter{display:inline-block}<\/style>\t\t\t\t<p><!-- wp:paragraph --><\/p>\n<p><strong>\u201eSzabads\u00e1g \u2013 \u00d6r\u00f6m \u2013 \u00c1raml\u00e1s\u201d<\/strong><\/p>\n<p><!-- \/wp:paragraph --><\/p>\n<p><!-- wp:paragraph --><\/p>\n<p><em>\u201eA val\u00f3s\u00e1gban az \u00e9let min\u0151s\u00e9ge nem f\u00fcgg\u00a0k\u00f6zvetlen\u00fcl att\u00f3l, hogy mink van, vagy mit gondolnak r\u00f3lunk m\u00e1sok. Ha van valaminek egy\u00e1ltal\u00e1n szerepe ebben, akkor annak, hogy mi hogyan \u00e9rezz\u00fck magunkat \u00e9s mit gondolunk arr\u00f3l, ami t\u00f6rt\u00e9nik vel\u00fcnk.<strong>\u00a0Hogy az \u00e9let\u00fcnket jobb\u00e1 tegy\u00fck, az \u00e9lm\u00e9nyeinket kell jobb\u00e1 tenni<\/strong>.\u201d<\/em><\/p>\n<p><!-- \/wp:paragraph --><\/p>\n<p><!-- wp:paragraph --><\/p>\n<p>Cs\u00edkszentmih\u00e1lyi Mih\u00e1ly<\/p>\n<p><!-- \/wp:paragraph --><\/p>\n<p><!-- wp:paragraph --><\/p>\n<p>Az alkot\u00f3k\u00f6r c\u00e9lja az, hogy nincs c\u00e9lja.\u00a0Vagyis a l\u00e9nyeg, hogy a r\u00e9sztvev\u0151k megtapasztalj\u00e1k az alkot\u00e1s \u00f6r\u00f6m\u00e9t, a szabad \u00f6nkifejez\u00e9st. Teh\u00e1t a l\u00e9nyeg az\u00a0<strong>\u00e9lm\u00e9nyen<\/strong>\u00a0van, ahol nincs semmilyen elv\u00e1r\u00e1s.<\/p>\n<p><!-- \/wp:paragraph --><\/p>\n<p><!-- wp:paragraph --><\/p>\n<p>Az alkot\u00e1s folyamata ker\u00fcl a k\u00f6z\u00e9ppontba, nem pedig az eredm\u00e9nye. Az ellazul\u00e1st ill. a r\u00e1hang\u00f3l\u00f3d\u00e1st relax\u00e1ci\u00f3, vers, mese \u00e9s zene seg\u00edtik, tov\u00e1bb\u00e1 a term\u00e9szet csod\u00e1s energi\u00e1i.<\/p>\n<p><!-- \/wp:paragraph --><\/p>\n<p><!-- wp:paragraph --><\/p>\n<p><strong>A r\u00e9szv\u00e9tel semmif\u00e9le m\u0171v\u00e9szeti el\u0151k\u00e9pzetts\u00e9get, rajztud\u00e1st nem ig\u00e9nyel.<\/strong>\u00a0Az alkot\u00f3k\u00f6r nem m\u0171v\u00e9szk\u00e9pz\u00e9s, teh\u00e1t nem a rajz, fest\u00e9s \u00e9s egy\u00e9b k\u00e9szs\u00e9gekkel foglalkozunk, hanem a m\u0171v\u00e9szetet mint l\u00e9lekemel\u0151 eszk\u00f6zt alkalmazzuk.\u00a0<\/p>\n<p><!-- \/wp:paragraph --><\/p>\n<p><!-- wp:paragraph --><\/p>\n<p><strong>Miben seg\u00edthet az alkot\u00f3k\u00f6rben val\u00f3 r\u00e9szv\u00e9tel?<\/strong><\/p>\n<p><!-- \/wp:paragraph --><\/p>\n<p><!-- wp:paragraph --><\/p>\n<p><strong>\u2013\u00a0<\/strong>elfojtott \u00e9rzelmeink felsz\u00ednre hoz\u00e1s\u00e1ban \u00e9s feldolgoz\u00e1s\u00e1ban,<\/p>\n<p><!-- \/wp:paragraph --><\/p>\n<p><!-- wp:paragraph --><\/p>\n<p>\u2013 a szorong\u00e1s old\u00e1s\u00e1ban,<\/p>\n<p><!-- \/wp:paragraph --><\/p>\n<p><!-- wp:paragraph --><\/p>\n<p>\u2013 egyfajta bels\u0151 \u00fcress\u00e9g megtapasztal\u00e1s\u00e1ban, ami az intu\u00edci\u00f3nk meg\u00e9l\u00e9s\u00e9nek felt\u00e9tele,<\/p>\n<p><!-- \/wp:paragraph --><\/p>\n<p><!-- wp:paragraph --><\/p>\n<p>\u2013 fel\u00e9breszti a benn\u00fcnk szunnyad\u00f3 alkot\u00f3k\u00e9pess\u00e9get,<\/p>\n<p><!-- \/wp:paragraph --><\/p>\n<p><!-- wp:paragraph --><\/p>\n<p>\u2013 a bels\u0151 ellazul\u00e1ssal, a tev\u00e9kenys\u00e9gbe mer\u00fcl\u00e9ssel a flow \u00e9lm\u00e9ny \u00e1t\u00e9l\u00e9s\u00e9ben.<\/p>\n<p><!-- \/wp:paragraph --><\/p>\n<p><!-- wp:paragraph --><\/p>\n<p><strong>Kinek aj\u00e1nlom az alkot\u00f3k\u00f6rt?<\/strong><\/p>\n<p><!-- \/wp:paragraph --><\/p>\n<p><!-- wp:list --><\/p>\n<ul>\n<li style=\"list-style-type: none;\">\n<ul><!-- wp:list-item --><\/ul>\n<\/li>\n<\/ul>\n<p>\u00a0<\/p>\n<ul>\n<li style=\"list-style-type: none;\">\n<ul>\n<li>mindazoknak, akik szeretn\u00e9k a bels\u0151 szabads\u00e1gukat, ill. az \u00f6r\u00f6mteli \u00e1llapot meg\u00e9l\u00e9s\u00e9t alkot\u00e1ssal megtapasztalni,<\/li>\n<\/ul>\n<\/li>\n<\/ul>\n<p><!-- \/wp:list-item --><\/p>\n<p><!-- wp:list-item --><\/p>\n<ul>\n<li style=\"list-style-type: none;\">\n<ul>\n<li>szeretn\u00e9nek a racion\u00e1lis vil\u00e1gb\u00f3l egy kicsit kil\u00e9pni \u00e9s a jobb agyf\u00e9lteke m\u0171k\u00f6d\u00e9s\u00e9nek serkent\u00e9s\u00e9vel az \u00e9rzelmi oldalukat er\u0151s\u00edteni,<\/li>\n<\/ul>\n<\/li>\n<\/ul>\n<p><!-- \/wp:list-item --><\/p>\n<p><!-- wp:list-item --><\/p>\n<ul>\n<li style=\"list-style-type: none;\">\n<ul>\n<li>mindazoknak, akik szeretn\u00e9k kipr\u00f3b\u00e1lni a k\u00fcl\u00f6nb\u00f6z\u0151 eszk\u00f6z\u00f6kkel t\u00f6rt\u00e9n\u0151 alkot\u00e1st (akvarell, porpasztell, mont\u00e1zsk\u00e9sz\u00edt\u00e9s, agyagoz\u00e1s stb. )<\/li>\n<\/ul>\n<\/li>\n<\/ul>\n<p><!-- \/wp:list-item --><\/p>\n<p><!-- wp:list-item --><\/p>\n<ul>\n<li style=\"list-style-type: none;\">\n<ul>\n<li>mindazoknak, akik szeretn\u00e9k kreativit\u00e1sukat jobban meg\u00e9lni,<\/li>\n<\/ul>\n<\/li>\n<\/ul>\n<p><!-- \/wp:list-item --><\/p>\n<p><!-- wp:list-item --><\/p>\n<ul>\n<li style=\"list-style-type: none;\">\n<ul>\n<li>mindazoknak, akik felt\u00f6lt\u0151d\u00e9sre, kikapcsol\u00f3d\u00e1sra v\u00e1gynak.<\/li>\n<\/ul>\n<\/li>\n<\/ul>\n<p><!-- \/wp:list-item --><\/p>\n<p><!-- \/wp:list --><\/p>\n<p><!-- wp:paragraph --><\/p>\n<p>A k\u00f6vetkez\u0151 eszk\u00f6z\u00f6kkel fogunk dolgozni: akvarellfest\u00e9s, porpasztell, olajpasztell, mont\u00e1zsk\u00e9sz\u00edt\u00e9s, agyagoz\u00e1s (minden anyagot, eszk\u00f6zt \u00e9n biztos\u00edtok).<\/p>\n<p><!-- \/wp:paragraph --><\/p>\n<p><!-- wp:paragraph --><\/p>\n<p><strong><u>Az alkot\u00f3k\u00f6r id\u0151pontja<\/u><\/strong>:\u00a0<strong>2024. nyar\u00e1n folyamatosan (<\/strong> szombati, vagy h\u00e9tk\u00f6znapi napon 10-t\u00f3l-16-ig). \u00c9rdekl\u0151dj a k\u00f6vetkez\u0151 id\u0151pontr\u00f3l. \ud83d\ude42\u00a0<\/p>\n<p><!-- \/wp:paragraph --><\/p>\n<p><!-- wp:paragraph --><\/p>\n<p><strong><u>Helysz\u00edn:\u00a0\u00a0<\/u><\/strong>Gabi Glass Art M\u0171hely (Pilissz\u00e1nt\u00f3, H\u00e1rsfa utca 8.) \u00e9s a term\u00e9szetben Pilissz\u00e1nt\u00f3 k\u00f6rny\u00e9k\u00e9n<\/p>\n<p><!-- \/wp:paragraph --><\/p>\n<p><!-- wp:paragraph --><\/p>\n<p>K\u00e9nyelmes ruh\u00e1ba \u00e9s sportcip\u0151be gyere! (napkr\u00e9mre, napsapk\u00e1ra, es\u0151kab\u00e1tra sz\u00fcks\u00e9g lehet) Kullancsriaszt\u00f3 spray lesz n\u00e1lam. Tov\u00e1bb\u00e1 polifoamot is adok mindenkinek, aki szeretn\u00e9.<\/p>\n<p><!-- \/wp:paragraph --><\/p>\n<p><!-- wp:image {\"id\":698,\"sizeSlug\":\"large\",\"linkDestination\":\"none\"} --><\/p>\n<figure class=\"wp-block-image size-large\"><img fetchpriority=\"high\" decoding=\"async\" width=\"1024\" height=\"768\" class=\"wp-image-698\" src=\"https:\/\/belsootthon.hu\/wp-content\/uploads\/2024\/02\/20230402_105542-1024x768.jpg\" alt=\"\" srcset=\"https:\/\/belsootthon.hu\/wp-content\/uploads\/2024\/02\/20230402_105542-1024x768.jpg 1024w, https:\/\/belsootthon.hu\/wp-content\/uploads\/2024\/02\/20230402_105542-300x225.jpg 300w, https:\/\/belsootthon.hu\/wp-content\/uploads\/2024\/02\/20230402_105542-768x576.jpg 768w, https:\/\/belsootthon.hu\/wp-content\/uploads\/2024\/02\/20230402_105542-1536x1152.jpg 1536w, https:\/\/belsootthon.hu\/wp-content\/uploads\/2024\/02\/20230402_105542-2048x1536.jpg 2048w, https:\/\/belsootthon.hu\/wp-content\/uploads\/2024\/02\/20230402_105542-80x60.jpg 80w, https:\/\/belsootthon.hu\/wp-content\/uploads\/2024\/02\/20230402_105542-640x480.jpg 640w, https:\/\/belsootthon.hu\/wp-content\/uploads\/2024\/02\/20230402_105542-110x83.jpg 110w, https:\/\/belsootthon.hu\/wp-content\/uploads\/2024\/02\/20230402_105542-1320x990.jpg 1320w\" sizes=\"(max-width: 1024px) 100vw, 1024px\" \/><\/figure>\n<p><!-- \/wp:image --><\/p>\n<p><!-- wp:paragraph --><\/p>\n<p><strong><u>A csoportos alkot\u00f3k\u00f6r \u00e1ra<\/u><\/strong>: 25 000 ft\/f\u0151\/alkalom. Az \u00e1r tartalmazza a felhaszn\u00e1lt anyagok k\u00f6lts\u00e9g\u00e9t is. A csoport 4 f\u0151 jelentkez\u00e9se eset\u00e9n indul.<\/p>\n<p><strong>Csoportos kedvezm\u00e9nnyel:<\/strong><\/p>\n<p>\u00a0<\/p>\n<p><strong>Gyertek el a bar\u00e1tn\u0151iddel k\u00f6z\u00f6sen.\u00a0<img decoding=\"async\" class=\"emoji\" role=\"img\" draggable=\"false\" src=\"https:\/\/s.w.org\/images\/core\/emoji\/14.0.0\/svg\/1f642.svg\" alt=\"\ud83d\ude42\" \/>\u00a0 Jelentkezettek h\u00e1rman \u2013 n\u00e9gyen egy\u00fctt, ebben az esetben kezdvezm\u00e9nyesen 20 000ft\/f\u0151 \u00e1ron j\u00f6hettek el az alkot\u00f3k\u00f6rre.\u00a0<\/strong><\/p>\n<p>A kedvezm\u00e9nyes \u00e1rat csak abban az esetben tudom megadni, ha mindenkit\u0151l be\u00e9rkezik az utal\u00e1s.<\/p>\n<p><!-- \/wp:paragraph --><\/p>\n<p><!-- wp:paragraph --><\/p>\n<p><!-- \/wp:paragraph --><\/p>\n<p><!-- wp:paragraph --><\/p>\n<p><strong><u>Jelentkez\u00e9s m\u00f3dja<\/u>:\u00a0<\/strong>A jelentkez\u00e9si lap kit\u00f6lt\u00e9se \u00e9s a r\u00e9szv\u00e9teli d\u00edj \u00e1tutal\u00e1sa. (K\u00e9rem a k\u00f6zlem\u00e9ny rovatba a jelentkez\u0151 nev\u00e9t \u00e9s mobil telefonsz\u00e1m\u00e1t felt\u00fcntetni.) OTP Bank \u2013 N\u00e9met Zsolt 11773425-06179849 K\u00e9rlek, hogy az utal\u00e1ssal egyid\u0151ben k\u00fcld el nekem a sz\u00e1mlac\u00edmedet. Csak mag\u00e1nszem\u00e9lyeknek \u00e1ll m\u00f3domban sz\u00e1ml\u00e1t ki\u00e1ll\u00edtani.<\/p>\n<p><!-- \/wp:paragraph --><\/p>\n<p><!-- wp:paragraph --><\/p>\n<p>Az \u00e1ltalam tartott m\u0171v\u00e9szetter\u00e1pi\u00e1s alkot\u00f3k\u00f6r eg\u00e9szs\u00e9ges emberek lelki egyens\u00faly\u00e1nak fenntart\u00e1s\u00e1ra, illetve helyre\u00e1ll\u00edt\u00e1s\u00e1ra ir\u00e1nyul\u00f3 \u00e9s arra alkalmas folyamat. Diagnosztiz\u00e1lt lelki zavar eset\u00e9n, vagy ha b\u00e1rmely m\u00e1s okb\u00f3l pszichol\u00f3gusi vagy pszichi\u00e1triai kezel\u00e9sre van sz\u00fcks\u00e9g, akkor ilyen szakemberhez kell fordulni.<\/p>\n<p><!-- \/wp:paragraph --><\/p>\n<p><!-- wp:paragraph --><\/p>\n<p><strong>\u00c9rdekl\u0151d\u00e9sedet, jelentkez\u00e9sedet v\u00e1rom szeretettel!<\/strong><\/p>\n<p><!-- \/wp:paragraph --><\/p>\n<p><!-- wp:paragraph --><\/p>\n<p>Gabi<\/p>\n<p><!-- \/wp:paragraph --><\/p>\t\t\t\t\t\t<\/div>\n\t\t\t\t<\/div>\n\t\t\t\t\t<\/div>\n\t\t\t\t<\/div>\n\t\t<div class=\"elementor-element elementor-element-2af486b e-flex e-con-boxed e-con e-parent\" data-id=\"2af486b\" data-element_type=\"container\" data-settings=\"{&quot;content_width&quot;:&quot;boxed&quot;}\" data-core-v316-plus=\"true\">\n\t\t\t\t\t<div class=\"e-con-inner\">\n\t\t<div class=\"elementor-element elementor-element-196cad0 e-con-full e-flex e-con e-child\" data-id=\"196cad0\" data-element_type=\"container\" data-settings=\"{&quot;content_width&quot;:&quot;full&quot;}\">\n\t\t\t\t<div class=\"elementor-element elementor-element-3fd9f2b elementor-widget elementor-widget-shortcode\" data-id=\"3fd9f2b\" data-element_type=\"widget\" data-widget_type=\"shortcode.default\">\n\t\t\t\t<div class=\"elementor-widget-container\">\n\t\t\t\t\t<div class=\"elementor-shortcode\"><div class=\"wpforms-container wpforms-container-full wpforms-render-modern\" id=\"wpforms-320\"><form id=\"wpforms-form-320\" class=\"wpforms-validate wpforms-form wpforms-ajax-form\" data-formid=\"320\" method=\"post\" enctype=\"multipart\/form-data\" action=\"\/index.php\/wp-json\/wp\/v2\/pages\/651\" data-token=\"b3fc02508dbb06b5d293f24e7e02a5e1\"><noscript class=\"wpforms-error-noscript\">Please enable JavaScript in your browser to complete this form.<\/noscript><div class=\"wpforms-hidden\" id=\"wpforms-error-noscript\">Please enable JavaScript in your browser to complete this form.<\/div><div class=\"wpforms-field-container\"><div id=\"wpforms-320-field_0-container\" class=\"wpforms-field wpforms-field-name\" data-field-id=\"0\"><label class=\"wpforms-field-label\" for=\"wpforms-320-field_0\">N\u00e9v <span class=\"wpforms-required-label\" aria-hidden=\"true\">*<\/span><\/label><input type=\"text\" id=\"wpforms-320-field_0\" class=\"wpforms-field-medium wpforms-field-required\" name=\"wpforms[fields][0]\" aria-errormessage=\"wpforms-320-field_0-error\" required><\/div><div id=\"wpforms-320-field_1-container\" class=\"wpforms-field wpforms-field-email\" data-field-id=\"1\"><label class=\"wpforms-field-label\" for=\"wpforms-320-field_1\">E-mail <span class=\"wpforms-required-label\" aria-hidden=\"true\">*<\/span><\/label><input type=\"email\" id=\"wpforms-320-field_1\" class=\"wpforms-field-medium wpforms-field-required\" name=\"wpforms[fields][1]\" spellcheck=\"false\" aria-errormessage=\"wpforms-320-field_1-error\" required><\/div><div id=\"wpforms-320-field_2-container\" class=\"wpforms-field wpforms-field-textarea\" data-field-id=\"2\"><label class=\"wpforms-field-label\" for=\"wpforms-320-field_2\">\u00dczenet<\/label><textarea id=\"wpforms-320-field_2\" class=\"wpforms-field-medium wpforms-limit-characters-enabled\" data-form-id=\"320\" data-field-id=\"2\" data-text-limit=\"2000\" name=\"wpforms[fields][2]\" aria-errormessage=\"wpforms-320-field_2-error\" maxlength=\"2000\" ><\/textarea><\/div><\/div><!-- .wpforms-field-container --><div class=\"wpforms-recaptcha-container wpforms-is-hcaptcha\" ><div class=\"g-recaptcha\" data-sitekey=\"cb59c5ad-0365-4448-9de2-9a442437dbed\"><\/div><input type=\"text\" name=\"g-recaptcha-hidden\" class=\"wpforms-recaptcha-hidden\" style=\"position:absolute!important;clip:rect(0,0,0,0)!important;height:1px!important;width:1px!important;border:0!important;overflow:hidden!important;padding:0!important;margin:0!important;\" data-rule-hcaptcha=\"1\"><\/div><div class=\"wpforms-submit-container\" ><input type=\"hidden\" name=\"wpforms[id]\" value=\"320\"><input type=\"hidden\" name=\"wpforms[author]\" value=\"1\"><button type=\"submit\" name=\"wpforms[submit]\" id=\"wpforms-submit-320\" class=\"wpforms-submit\" data-alt-text=\"Folyamatban...\" data-submit-text=\"K\u00fcld\u00e9s\" aria-live=\"assertive\" value=\"wpforms-submit\">K\u00fcld\u00e9s<\/button><img decoding=\"async\" src=\"https:\/\/belsootthon.hu\/wp-content\/plugins\/wpforms-lite\/assets\/images\/submit-spin.svg\" class=\"wpforms-submit-spinner\" style=\"display: none;\" width=\"26\" height=\"26\" alt=\"Loading\"><\/div><\/form><\/div>  <!-- .wpforms-container --><\/div>\n\t\t\t\t<\/div>\n\t\t\t\t<\/div>\n\t\t\t\t<\/div>\n\t\t<div class=\"elementor-element elementor-element-ac39eb3 e-con-full e-flex e-con e-child\" data-id=\"ac39eb3\" data-element_type=\"container\" data-settings=\"{&quot;content_width&quot;:&quot;full&quot;}\">\n\t\t\t\t<\/div>\n\t\t\t\t\t<\/div>\n\t\t\t\t<\/div>\n\t\t\t\t<\/div>\n\t\t","protected":false},"excerpt":{"rendered":"<p>\u201eSzabads\u00e1g \u2013 \u00d6r\u00f6m \u2013 \u00c1raml\u00e1s\u201d \u201eA val\u00f3s\u00e1gban az \u00e9let min\u0151s\u00e9ge nem f\u00fcgg\u00a0k\u00f6zvetlen\u00fcl att\u00f3l, hogy mink van, vagy mit gondolnak r\u00f3lunk m\u00e1sok. Ha van valaminek egy\u00e1ltal\u00e1n szerepe ebben, akkor annak, hogy &hellip; <\/p>\n","protected":false},"author":1,"featured_media":715,"parent":0,"menu_order":0,"comment_status":"closed","ping_status":"closed","template":"","meta":{"ngg_post_thumbnail":0,"footnotes":""},"class_list":["post-651","page","type-page","status-publish","has-post-thumbnail","hentry","latest_post"],"_links":{"self":[{"href":"https:\/\/belsootthon.hu\/index.php\/wp-json\/wp\/v2\/pages\/651","targetHints":{"allow":["GET"]}}],"collection":[{"href":"https:\/\/belsootthon.hu\/index.php\/wp-json\/wp\/v2\/pages"}],"about":[{"href":"https:\/\/belsootthon.hu\/index.php\/wp-json\/wp\/v2\/types\/page"}],"author":[{"embeddable":true,"href":"https:\/\/belsootthon.hu\/index.php\/wp-json\/wp\/v2\/users\/1"}],"replies":[{"embeddable":true,"href":"https:\/\/belsootthon.hu\/index.php\/wp-json\/wp\/v2\/comments?post=651"}],"version-history":[{"count":11,"href":"https:\/\/belsootthon.hu\/index.php\/wp-json\/wp\/v2\/pages\/651\/revisions"}],"predecessor-version":[{"id":1106,"href":"https:\/\/belsootthon.hu\/index.php\/wp-json\/wp\/v2\/pages\/651\/revisions\/1106"}],"wp:featuredmedia":[{"embeddable":true,"href":"https:\/\/belsootthon.hu\/index.php\/wp-json\/wp\/v2\/media\/715"}],"wp:attachment":[{"href":"https:\/\/belsootthon.hu\/index.php\/wp-json\/wp\/v2\/media?parent=651"}],"curies":[{"name":"wp","href":"https:\/\/api.w.org\/{rel}","templated":true}]}}